se 9?
1232
Convert -2ac (base 15) to base 8.
-1144
-31102 (base 4) to base 12
-5aa
Convert 201121 (base 4) to base 14.
ac9
What is 35 (base 12) in base 4?
221
What is 6a17 (base 13) in base 8?
35054
Convert 20201 (base 4) to base 5.
4140
1100101000111100 (base 2) to base 7
303640
Convert -1124 (base 9) to base 4.
-31000
4321442 (base 5) to base 6
1323404
-2661 (base 8) to base 2
-10110110001
What is 10122231 (base 4) in base 15?
5563
Convert 30322 (base 4) to base 10.
826
What is 565 (base 12) in base 7?
2216
Convert 5a71 (base 13) to base 12.
747b
Convert -19c6a (base 15) to base 3.
-11020221201
2343 (base 5) to base 6
1340
Convert -254334 (base 7) to base 6.
-1002203
What is -a36 (base 15) in base 12?
-13b9
Convert -50535 (base 6) to base 7.
-25325
2003101 (base 5) to base 2
111101110100011
What is ba9 (base 13) in base 14?
a2a
Convert -541 (base 7) to base 8.
-422
What is -a7f (base 16) in base 7?
-10556
-50 (base 9) to base 11
-41
Convert 828 (base 11) to base 10.
998
Convert 254240 (base 6) to base 7.
124014
What is -14029 (base 10) in base 6?
-144541
Convert -efd (base 16) to base 2.
-111011111101
Convert 332143 (base 6) to base 10.
27711
-885 (base 12) to base 10
-1253
Convert -232035 (base 6) to base 10.
-19895
Convert -1001100 (base 2) to base 9.
-84
Convert 3570 (base 11) to base 16.
1243
Convert 2134 (base 5) to base 6.
1210
Convert 101010011 (base 2) to base 15.
179
Convert -d (base 16) to base 12.
-11
2dda (base 16) to base 12
6962
2b2d (base 15) to base 16
2434
Convert 3626 (base 8) to base 12.
115a
What is -165 (base 7) in base 6?
-240
Convert -c2 (base 16) to base 3.
-21012
Convert -2079 (base 10) to base 4.
-200133
-224 (base 12) to base 8
-474
-62 (base 8) to base 2
-110010
17814 (base 14) to base 11
40538
Convert -110110110101010 (base 2) to base 12.
-142b6
-12002113 (base 4) to base 8
-60227
What is 14203 (base 6) in base 3?
10001210
-20021 (base 4) to base 14
-293
1223141 (base 5) to base 9
35262
Convert -43b (base 13) to base 2.
-1011010110
Convert 1000 (base 8) to base 2.
1000000000
30887 (base 9) to base 3
1000222221
Convert -531453 (base 6) to base 10.
-43161
Convert 900b (base 14) to base 16.
6083
What is -873 (base 16) in base 4?
-201303
What is -1323120 (base 4) in base 10?
-7896
Convert 1115 (base 10) to base 14.
599
What is 71 (base 14) in base 3?
10200
Convert -1103021 (base 5) to base 11.
-13417
17495 (base 10) to base 15
52b5
Convert -381 (base 11) to base 10.
-452
Convert 1638 (base 9) to base 13.
752
Convert -1786 (base 10) to base 8.
-3372
What is -1052 (base 11) in base 16?
-56c
1101011011 (base 2) to base 13
511
-163 (base 16) to base 10
-355
Convert 2455 (base 8) to base 3.
1211002
What is -165 (base 13) in base 10?
-252
-20222021 (base 3) to base 6
-35311
Convert 522235 (base 7) to base 2.
10101111000101111
Convert -1201021 (base 3) to base 15.
-584
What is 1233033 (base 4) in base 5?
211434
Convert 13156 (base 7) to base 12.
2054
-19c5 (base 15) to base 14
-206d
d62 (base 15) to base 10
3017
Convert 2230 (base 7) to base 14.
417
Convert -7c (base 16) to base 8.
-174
Convert -100101000100111 (base 2) to base 14.
-6cbd
8486 (base 11) to base 4
2233122
43cb (base 13) to base 11
7122
Convert 9b8 (base 14) to base 16.
786
Convert 2034134 (base 5) to base 7.
200106
What is 4191 (base 10) in base 3?
12202020
112 (base 15) to base 7
464
1 (base 3) to base 8
1
Convert -201212122 (base 3) to base 2.
-11100010011001
Convert -42142 (base 5) to base 14.
-103b
-593 (base 14) to base 15
-4de
101122011 (base 3) to base 7
31414
100100100 (base 2) to base 5
2132
Convert 10444 (base 5) to base 4.
23231
Convert 30608 (base 10) to base 7.
155144
What is -1a7 (base 11) in base 14?
-130
Convert -101110212 (base 3) to base 4.
-1313111
-3668 (base 9) to base 16
-aaf
What is 3257 (base 15) in base 7?
43033
Convert 170 (base 14) to base 8.
446
Convert 22f3 (base 16) to base 10.
8947
131002 (base 4) to base 11
143a
What is -237 (base 13) in base 6?
-1440
-70435 (base 8) to base 14
-a7a5
What is 100255 (base 7) in base 16?
4231
-1c7 (base 14) to base 15
-19b
What is 204 (base 11) in base 3?
100010
Convert -104332 (base 6) to base 5.
-240033
Convert 1404322 (base 5) to base 16.
7028
What is -110011111 (base 2) in base 4?
-12133
What is -11042 (base 5) in base 9?
-1047
415 (base 13) to base 3
221201
-285 (base 9) to base 8
-357
Convert 16a6 (base 13) to base 3.
11120222
2758 (base 9) to base 6
13342
Convert -1306 (base 8) to base 9.
-868
Convert -10da (base 15) to base 12.
-20a4
Convert 733 (base 15) to base 12.
b33
What is 101011322 (base 4) in base 12?
34622
What is -120101 (base 3) in base 6?
-1531
Convert -16438 (base 14) to base 5.
-3240324
What is -ef (base 16) in base 11?
-1a8
Convert -1815b (base 12) to base 14.
-c95d
Convert -3cd9 (base 16) to base 15.
-4937
Convert -1336 (base 15) to base 5.
-112401
Convert 3c98 (base 16) to base 2.
11110010011000
What is -5b7a (base 12) in base 10?
-10318
102202 (base 3) to base 9
382
Convert -1000001 (base 3) to base 10.
-730
Convert 30141 (base 5) to base 16.
781
What is 337 (base 11) in base 10?
403
Convert -4963 (base 12) to base 2.
-10000001011011
What is 119c (base 13) in base 15?
b15
What is -2417 (base 10) in base 9?
-3275
2229 (base 15) to base 12
4233
1a9 (base 13) to base 14
180
What is -37aa (base 13) in base 11?
-5a45
-1320d (base 14) to base 2
-1011011111001101
Convert 47c (base 15) to base 6.
4413
Convert 1614 (base 8) to base 10.
908
-153622 (base 7) to base 5
-1431101
Convert 420 (base 5) to base 9.
132
-1424 (base 10) to base 16
-590
221212122 (base 3) to base 9
27778
Convert 13242 (base 5) to base 7.
3061
What is -111202 (base 3) in base 10?
-371
-313 (base 15) to base 8
-1265
591 (base 14) to base 10
1107
-150a1 (base 13) to base 3
-2000102112
Convert 1230 (base 6) to base 13.
1a7
What is 111015 (base 7) in base 16?
4c6b
Convert -103355 (base 7) to base 2.
-100011001100111
-333634 (base 7) to base 9
-88804
What is 1069 (base 10) in base 12?
751
What is 1166 (base 8) in base 5?
10010
53257 (base 8) to base 12
10a13
What is ba23 (base 13) in base 12?
12b92
Convert 40bd (base 14) to base 16.
2b87
What is -4962 (base 16) in base 10?
-18786
Convert b710 (base 13) to base 3.
1021210101
What is 3301 (base 6) in base 11?
629
What is -583 (base 11) in base 14?
-37a
What is 1165 (base 15) in base 14?
14bd
Convert 4948 (base 11) to base 3.
22212110
Convert -241 (base 11) to base 14.
-167
Convert -177611 (base 8) to base 10.
-65417
What is -8006 (base 14) in base 4?
-11113012
What is -bc4 (base 13) in base 10?
-2019
What is 11b (base 13) in base 14?
db
What is 46127 (base 8) in base 7?
110656
Convert -120121 (base 3) to base 14.
-221
3107 (base 9) to base 2
100011100011
What is -1a01 (base 16) in base 4?
-1220001
-2827 (base 11) to base 5
-104114
-62 (base 15) to base 12
-78
131 (base 10) to base 9
155
Convert -484 (base 10) to base 11.
-400
Convert 10013 (base 5) to base 3.
212110
Convert 2be (base 15) to base 5.
10004
What is -6233 (base 7) in base 2?
-100010000100
-10100000100000000 (base 2) to base 3
-11011201120
What is -1101111111010 (base 2) in base 11?
-5421
Convert 11045 (base 6) to base 10.
1541
-1001101100100 (base 2) to base 5
-124324
What is -120012101 (base 3) in base 12?
-64b4
10364 (base 8) to base 7
15440
7206 (base 13) to base 14
5a31
-100011001111 (base 2) to base 10
-2255
What is -10000101100101 (base 2) in base 14?
-3189
-27821 (base 13) to base 6
-1330012
What is 5909 (base 11) in base 15?
246d
-42125 (base 6) to base 13
-2771
What is -4043 (base 8) in base 11?
-1624
Convert -17605 (base 10) to base 15.
-533a
-101122000 (base 4) to base 13
-265b4
Convert -5719 (base 10) to base 15.
-1a64
-4a14 (base 14) to base 7
-52524
Convert 5511 (base 11) to base 14.
2916
10220020 (base 3) to base 6
21053
Convert 1000100020 (base 3) to base 12.
b650
Convert -1576 (base 9) to base 8.
-2263
87cd (base 15) to base 3
1110110111
Convert 1494 (base 16) to base 11.
3a5a
What is 32eb (base 15) in base 7?
43322
What is -cc4 (base 13) in base 5?
-32223
134025 (base 6) to base 12
7315
What is 3410 (base 5) in base 10?
480
What is -3985 (base 11) in base 10?
-5175
Convert 7705 (base 14) to base 2.
101000001101001
Convert 623d (base 14) to base 2.
100001000001111
2312 (base 8) to 